f 2756692?
False
Is 213004 a multiple of 206?
True
Is 190 a factor of 23370?
True
Does 321 divide 126795?
True
Is 270751 a multiple of 59?
True
Is 43 a factor of 4812560?
True
Is 81 a factor of 321118?
False
Is 101 a factor of 117362?
True
Does 407 divide 1579160?
True
Is 10 a factor of 70350?
True
Does 7 divide 204068?
False
Does 3 divide 147163?
False
Is 243 a factor of 5652180?
True
Is 584 a factor of 2534279?
False
Does 7 divide 400794?
False
Is 7 a factor of 4960741?
False
Is 6 a factor of 72653?
False
Is 15 a factor of 1348275?
True
Does 222 divide 130317?
False
Is 22 a factor of 12243352?
True
Is 1302048 a multiple of 864?
True
Does 56 divide 259738?
False
Does 124 divide 299336?
True
Does 66 divide 1775400?
True
Is 11 a factor of 1304927?
False
Does 83 divide 229080?
True
Is 49998 a multiple of 114?
False
Is 1074840 a multiple of 77?
False
Is 81 a factor of 1614122?
False
Does 13 divide 5664670?
False
Is 475501 a multiple of 13?
True
Is 123310 a multiple of 55?
True
Does 3 divide 49641?
True
Does 18 divide 1325353?
False
Does 149 divide 68506?
False
Does 31 divide 1648644?
False
Does 256 divide 1189120?
True
Is 1110306 a multiple of 798?
False
Is 36 a factor of 1334844?
True
Does 266 divide 196093?
False
Is 76 a factor of 56653?
False
Is 356780 a multiple of 266?
False
Is 210728 a multiple of 371?
True
Does 245 divide 138774?
False
Is 165 a factor of 40755?
True
Is 37 a factor of 122389?
False
Is 4261472 a multiple of 20?
False
Is 11 a factor of 143185?
False
Is 64928 a multiple of 32?
True
Is 142844 a multiple of 3?
False
Is 7547636 a multiple of 174?
False
Does 248 divide 8186232?
True
Does 59 divide 12980?
True
Does 11 divide 2777613?
False
Is 182975 a multiple of 11?
False
Is 358362 a multiple of 387?
True
Is 1464930 a multiple of 90?
True
Does 51 divide 64413?
True
Is 154114 a multiple of 251?
True
Does 19 divide 2276286?
False
Does 208 divide 67158?
False
Is 637 a factor of 434434?
True
Is 11 a factor of 317552?
False
Is 1132261 a multiple of 116?
False
Does 19 divide 92112?
True
Does 203 divide 2907405?
False
Is 267 a factor of 1426652?
False
Is 3995352 a multiple of 216?
True
Is 154 a factor of 146671?
False
Is 172385 a multiple of 171?
False
Does 78 divide 948012?
True
Is 1439836 a multiple of 220?
False
Is 16 a factor of 12721810?
False
Is 178099 a multiple of 27?
False
Does 17 divide 11207760?
True
Is 11270 a multiple of 35?
True
Does 397 divide 4767176?
True
Is 13 a factor of 357325?
False
Does 292 divide 1182661?
False
Is 154908 a multiple of 18?
True
Is 35619 a multiple of 2?
False
Does 3 divide 81925?
False
Is 135249 a multiple of 48?
False
Is 53201 a multiple of 4?
False
Does 166 divide 2587770?
False
Does 23 divide 6085731?
True
Is 65 a factor of 71251?
False
Is 38986 a multiple of 101?
True
Is 21 a factor of 892416?
True
Does 215 divide 9043115?
True
Is 3641448 a multiple of 1046?
False
Is 6 a factor of 30080?
False
Does 1420 divide 1067840?
True
Is 213180 a multiple of 317?
False
Is 19 a factor of 810388?
True
Does 11 divide 5726187?
False
Is 10 a factor of 9710970?
True
Does 1198 divide 2249145?
False
Does 11 divide 627484?
True
Is 2 a factor of 224349?
False
Is 50 a factor of 275439?
False
Is 281 a factor of 731004?
False
Is 11 a factor of 710983?
False
Is 1337132 a multiple of 4?
True
Is 30 a factor of 13280?
False
Is 27 a factor of 105003?
True
Does 45 divide 1992541?
False
Is 125 a factor of 1108437?
False
Is 51 a factor of 18082?
False
Is 36936 a multiple of 243?
True
Is 38 a factor of 4766932?
False
Is 55 a factor of 62205?
True
Is 21 a factor of 656964?
True
Is 69992 a multiple of 336?
False
Is 22 a factor of 1139138?
True
Is 44 a factor of 79492?
False
Is 338 a factor of 565474?
True
Is 2 a factor of 114720?
True
Is 784068 a multiple of 28?
False
Is 2 a factor of 6598?
True
Does 130 divide 12561380?
True
Is 12 a factor of 516211?
False
Does 43 divide 770845?
False
Is 50 a factor of 76430?
False
Is 361710 a multiple of 18?
True
Is 13 a factor of 10603324?
False
Is 8 a factor of 509481?
False
Is 2985212 a multiple of 4?
True
Is 15 a factor of 15306?
False
Does 45 divide 129185?
False
Does 12 divide 2342856?
True
Does 7 divide 176667?
False
Is 33704 a multiple of 22?
True
Is 201 a factor of 1952738?
False
Does 159 divide 284982?
False
Does 13 divide 1903941?
True
Does 17 divide 3597724?
False
Does 15 divide 2690508?
False
Is 186 a factor of 349122?
True
Is 3976170 a multiple of 11?
True
Does 688 divide 10659088?
False
Does 38 divide 20178?
True
Is 467082 a multiple of 63?
True
Does 4 divide 44660?
True
Is 8520 a multiple of 12?
True
Is 660 a factor of 28779033?
False
Is 250315 a multiple of 7?
False
Does 355 divide 5440005?
False
Is 460155 a multiple of 58?
False
Is 50682 a multiple of 18?
False
Is 29 a factor of 343278?
False
Is 7642004 a multiple of 283?
False
Is 8 a factor of 3071992?
True
Does 35 divide 420210?
True
Does 42 divide 331968?
True
Does 22 divide 1870495?
False
Does 20 divide 47200?
True
Does 6 divide 90049?
False
Is 44 a factor of 682572?
True
Is 36273 a multiple of 42?
False
Is 44166 a multiple of 102?
True
Is 51 a factor of 478431?
True
Is 1591 a factor of 16016427?
False
Is 72358 a multiple of 179?
False
Does 217 divide 241872?
False
Is 8315420 a multiple of 92?
True
Is 21 a factor of 882982?
False
Is 282 a factor of 2375850?
True
Does 33 divide 151569?
True
Is 355176 a multiple of 12?
True
Is 63800 a multiple of 8?
True
Does 113 divide 366346?
True
Is 9 a factor of 491400?
True
Does 25 divide 3576550?
True
Does 14 divide 1139824?
True
Does 59 divide 7715548?
True
Does 35 divide 1783355?
True
Does 699 divide 4517637?
True
Is 5280 a multiple of 55?
True
Is 538408 a multiple of 26?
True
Is 388620 a multiple of 204?
True
Does 361 divide 8339822?
True
Is 65 a factor of 31265?
True
Is 507109 a multiple of 17?
False
Does 11 divide 47126?
False
Is 1264 a factor of 9292928?
True
Does 23 divide 48016?
False
Does 73 divide 1314365?
True
Is 18 a factor of 14387429?
False
Is 100974 a multiple of 6?
True
Does 19 divide 267557?
False
Does 133 divide 646513?
True
Is 7090812 a multiple of 457?
True
Does 529 divide 8043445?
True
Is 94 a factor of 551686?
True
Does 102 divide 785406?
False
Is 7897114 a multiple of 767?
False
Is 78 a factor of 253032?
True
Is 12 a factor of 55188?
True
Is 630308 a multiple of 28?
True
Is 36 a factor of 6296544?
True
Is 7 a factor of 9942999?
False
Is 293592 a multiple of 49?
False
Does 121 divide 3012120?
False
Does 654 divide 1587912?
True
Is 50 a factor of 194958?
False
Does 14 divide 3611678?
True
Is 23155 a multiple of 13?
False
Does 84 divide 19824?
True
Does 660 divide 3991020?
True
Is 6 a factor of 904094?
False
Does 201 divide 836949?
False
Is 12 a factor of 47845?
False
Is 612 a factor of 772956?
True
Does 21 divide 94752?
True
Is 9 a factor of 2143737?
True
Does 169 divide 2618993?
True
Does 30 divide 329760?
True
Does 74 divide 2386625?
False
Does 211 divide 2304120?
True
Does 1769 divide 17046084?
True
Does 634 divide 3836334?
True
Is 6 a factor of 473425?
False
Is 108664 a multiple of 17?
True
Does 5 divide 471749?
False
Is 269 a factor of 1841036?
True
Is 3 a factor of 7157?
False
Is 89 a factor of 8720289?
False
Is 49 a factor of 418566?
False
Is 106 a factor of 604624?
True
Is 204 a factor of 5749?
False
Is 225 a factor of 6326008?
False
Is 885849 a multiple of 148?
False
Does 210 divide 444208?
False
Is 43357 a multiple of 191?
True
Is 3902262 a multiple of 10?
False
Is 6 a factor of 5317?
False
Is 759006 a multiple of 8?
False
Is 3 a factor of 42463?
False
Is 15 a factor of 5880?
True
Is 96096 a multiple of 6?
True
Does 6 divide 1083150?
True
Is 129 a factor of 1877764?
False
Is 493950 a multiple of 150?
True
Is 230973 a multiple of 46?
False
Does 5 divide 221059?
False
Is 38 a factor of 3150317?
False
Is 367691 a multiple of 11?
False
Is 126 a factor of 107730?
True
Is 4342041 a multiple of 61?
True
Does 18 divide 2628954?
True
Is 418 a factor of 11789254?
False
Does 378 divide 25155900?
True
Is 69 a factor of 5016300?
True
Is 33 a factor of 556336?
False
Is 156293 a multiple of 6?
False
Is 125 a factor of 178594?
False
Is 754 a factor of 889917?
False
Is 3795 a multiple of 82?
False
Does 138 divide 100740?
True
Is 402891 a multiple of 14?
False
Is 2788